emainder when 388985 is divided by 196.
121
Calculate the remainder when 2498609 is divided by 16769.
28
What is the remainder when 2307 is divided by 900?
507
What is the remainder when 14609583 is divided by 4302?
4293
What is the remainder when 53160 is divided by 26574?
12
What is the remainder when 76697 is divided by 1046?
339
What is the remainder when 20664539 is divided by 1476038?
7
What is the remainder when 20805923 is divided by 25?
23
Calculate the remainder when 9045844 is divided by 574.
178
What is the remainder when 277990 is divided by 7512?
46
Calculate the remainder when 39715469 is divided by 16.
13
What is the remainder when 5980321 is divided by 332240?
1
Calculate the remainder when 57690 is divided by 57392.
298
What is the remainder when 1130386 is divided by 48?
34
What is the remainder when 1948309 is divided by 451?
440
Calculate the remainder when 622388 is divided by 185.
48
Calculate the remainder when 2931554 is divided by 133249.
76
What is the remainder when 110772 is divided by 110235?
537
Calculate the remainder when 16498659 is divided by 36.
3
Calculate the remainder when 181181 is divided by 4033.
3729
What is the remainder when 853389 is divided by 545?
464
Calculate the remainder when 2156909 is divided by 38.
29
Calculate the remainder when 2842611 is divided by 146.
137
Calculate the remainder when 277417 is divided by 34672.
41
Calculate the remainder when 109571 is divided by 1387.
1385
What is the remainder when 124001 is divided by 1427?
1279
What is the remainder when 2670500 is divided by 700?
0
Calculate the remainder when 5033096 is divided by 1258272.
8
Calculate the remainder when 14083867 is divided by 658.
35
Calculate the remainder when 23497 is divided by 36.
25
What is the remainder when 388408 is divided by 2182?
12
What is the remainder when 2578902 is divided by 56?
46
Calculate the remainder when 7104750 is divided by 104481.
42
Calculate the remainder when 4630551 is divided by 1364.
1135
Calculate the remainder when 618793 is divided by 1880.
273
Calculate the remainder when 3155302 is divided by 98603.
6
What is the remainder when 4660776 is divided by 4?
0
What is the remainder when 263043 is divided by 173?
83
Calculate the remainder when 57717 is divided by 1919.
147
Calculate the remainder when 54081 is divided by 1121.
273
Calculate the remainder when 1054479 is divided by 351487.
18
Calculate the remainder when 6192990 is divided by 1238590.
40
Calculate the remainder when 287595 is divided by 4564.
63
Calculate the remainder when 97628553 is divided by 12203565.
33
Calculate the remainder when 6086531 is divided by 246.
245
Calculate the remainder when 1115369 is divided by 28599.
8
What is the remainder when 68776 is divided by 17174?
80
What is the remainder when 73147 is divided by 625?
22
Calculate the remainder when 51498999 is divided by 500.
499
Calculate the remainder when 302473 is divided by 547.
529
Calculate the remainder when 11765390 is divided by 16.
14
What is the remainder when 6706435 is divided by 1341287?
0
Calculate the remainder when 1956074 is divided by 77.
43
What is the remainder when 32553750 is divided by 50?
0
Calculate the remainder when 314121 is divided by 188.
161
What is the remainder when 12290019 is divided by 3058?
2975
Calculate the remainder when 252015 is divided by 543.
63
Calculate the remainder when 123504 is divided by 109.
7
Calculate the remainder when 1202916 is divided by 400969.
9
Calculate the remainder when 417875 is divided by 2804.
79
What is the remainder when 45627117 is divided by 22813511?
95
What is the remainder when 957875 is divided by 319107?
554
What is the remainder when 205807 is divided by 2482?
2283
What is the remainder when 404653 is divided by 1775?
1728
Calculate the remainder when 343280867 is divided by 12.
11
What is the remainder when 1911533 is divided by 10014?
8873
What is the remainder when 138551 is divided by 493?
18
What is the remainder when 23276302 is divided by 3968?
14
What is the remainder when 15368831 is divided by 1152?
1151
What is the remainder when 30433 is divided by 485?
363
What is the remainder when 30522808 is divided by 79694?
6
Calculate the remainder when 331275 is divided by 66186.
345
Calculate the remainder when 20682480 is divided by 539.
511
Calculate the remainder when 409503 is divided by 8357.
10
Calculate the remainder when 1130016 is divided by 16865.
61
Calculate the remainder when 29788220 is divided by 2482351.
8
Calculate the remainder when 1344044 is divided by 268768.
204
What is the remainder when 873070 is divided by 2256?
2254
Calculate the remainder when 12380013 is divided by 26681.
29
What is the remainder when 85339 is divided by 5768?
4587
What is the remainder when 208165 is divided by 1262?
1197
Calculate the remainder when 15295 is divided by 10335.
4960
Calculate the remainder when 4868735 is divided by 8805.
8375
Calculate the remainder when 611404 is divided by 171.
79
Calculate the remainder when 3766716 is divided by 209262.
0
Calculate the remainder when 171422009 is divided by 1.
0
What is the remainder when 2893643 is divided by 85105?
73
What is the remainder when 3417878 is divided by 2341?
18
What is the remainder when 166262 is divided by 984?
950
What is the remainder when 89313501 is divided by 7?
4
What is the remainder when 1380262 is divided by 460061?
79
Calculate the remainder when 10787911 is divided by 362.
311
What is the remainder when 11127350 is divided by 247?
0
What is the remainder when 142664 is divided by 8571?
5528
What is the remainder when 3888710 is divided by 3888699?
11
Calculate the remainder when 570255 is divided by 570204.
51
What is the remainder when 2138148 is divided by 8451?
45
Calculate the remainder when 7662873 is divided by 55933.
52
Calculate the remainder when 1493802 is divided by 28.
2
What is the remainder when 1582000 is divided by 40?
0
Calculate the remainder when 90321342 is divided by 207.
204
Calculate the remainder when 19630 is divided by 1401.
16
Calculate the remainder when 1102620 is divided by 5712.
204
What is the remainder when 649223 is divided by 23186?
15
Calculate the remainder when 20427 is divided by 4825.
1127
Calculate the remainder when 36679140 is divided by 133.
1
Calculate the remainder when 118091 is divided by 113273.
4818
What is the remainder when 82004063 is divided by 27334686?
5
Calculate the remainder when 863845 is divided by 143973.
7
What is the remainder when 168889 is divided by 420?
49
What is the remainder when 7134101 is divided by 1426783?
186
What is the remainder when 15839 is divided by 491?
127
What is the remainder when 797150 is divided by 199242?
182
What is the remainder when 194604 is divided by 276?
24
What is the remainder when 293418 is divided by 6377?
76
What is the remainder when 520968 is divided by 172991?
1995
Calculate the remainder when 3269320 is divided by 93409.
5
What is the remainder when 2699192 is divided by 148?
116
Calculate the remainder when 2350945 is divided by 4495.
60
Calculate the remainder when 20148199 is divided by 2481.
2479
Calculate the remainder when 4446726 is divided by 30.
6
What is the remainder when 10029976 is divided by 23?
21
What is the remainder when 13085861 is divided by 37603?
17
Calculate the remainder when 4000791 is divided by 200038.
31
Calculate the remainder when 1162881 is divided by 5188.
769
Calculate the remainder when 10493587 is divided by 131.
94
What is the remainder when 302301024 is divided by 951?
948
What is the remainder when 12303 is divided by 61?
42
What is the remainder when 4952103 is divided by 964?
35
Calculate the remainder when 1662519 is divided by 2227.
1177
What is the remainder when 1888290 is divided by 107?
61
Calculate the remainder when 80133 is divided by 156.
105
Calculate the remainder when 227426 is divided by 250.
176
What is the remainder when 1133585 is divided by 8787?
62
Calculate the remainder when 1619570 is divided by 539845.
35
What is the remainder when 25307732 is divided by 5583?
5576
What is the remainder when 1884979 is divided by 123?
4
What is the remainder when 1035000 is divided by 206997?
15
Calculate the remainder when 1164971 is 